 is the units digit of u(s)?
6
What is the units digit of 11260*((-375)/(-30) + -12)?
0
Let w = 26228 + -6543. What is the hundreds digit of w?
6
Suppose -13*d + 17*d = 43528 + 31820. What is the thousands digit of d?
8
Let o(a) = a**3 - 103*a**2 + 200*a - 487. What is the hundreds digit of o(102)?
5
Suppose 15519 = -128*m + 1077407. What is the hundreds digit of m?
2
Let b = 39066 + -23655. What is the hundreds digit of b?
4
What is the thousands digit of -2*(-2)/(-20) - ((-60262)/10 - 4)?
6
Let v = 18 + -16. Let u be 2 + (-2 + v)*(-3 - -2). Suppose -463 = -3*y - 4*r, 3*y + u*r + 610 = 7*y. What is the units digit of y?
3
Suppose -20074 + 2658 = -4*u. What is the hundreds digit of (32/112)/(2/u)?
6
Let x(s) = s**2 - 84. Let o be x(0). Let j = 1430 + -1253. Let p = j + o. What is the units digit of p?
3
What is the units digit of (-6)/1*59313/(-153)?
6
Let o be -2 + 42/7 - -695. Let k = o - -320. What is the units digit of k?
9
Suppose 0 = d - 2*d - 2, 5*d = 3*q - 67. Suppose 0 = q*y - 21*y + 1222. What is the units digit of y?
1
Suppose 3*z - 6*z + 1986 = 0. Let j = 1088 - z. What is the tens digit of j?
2
Let f(n) be the second derivative of n**4/12 - n**3 - 41*n**2/2 + 79*n. What is the units digit of f(-8)?
1
Suppose 4*d - 5*k - 47 = 0, 5*k - 8 = -3*d + 71. What is the tens digit of (-6180)/d*((-16)/5 - -2)?
1
Let w(l) = 20651*l**2 + 44*l + 43. What is the hundreds digit of w(-1)?
6
What is the tens digit of (-47480)/(-5) + (-20 - -33)?
0
Let j = 261 + -134. Suppose 24 = z + j. Let v = 135 + z. What is the units digit of v?
2
Suppose 0 = 12*i - 6*i - 36. Let r(c) = c**2 - 3*c - 7. Let d be r(i). Suppose d*w - 8*w - 96 = 0. What is the tens digit of w?
3
Let m(s) = -13*s**3 + s**2 + 232*s - 31. What is the tens digit of m(-10)?
4
Suppose -5*u = -2*w + 320, 299 + 19 = 2*w - 4*u. What is the tens digit of w + -7 + 14 + -5?
5
Suppose f + 4*f - 2*l = 7, -5*f + 11 = -l. Suppose 4*d - 840 = 2*b, -f*d + 2*b = 2*d - 1051. What is the units digit of d?
1
Let s = 1748 + 30593. What is the tens digit of s?
4
Let x(j) = -934*j - 21. Let h be x(-2). Let d = -1008 + h. What is the hundreds digit of d?
8
Let w = -15249 + 22443. What is the hundreds digit of w?
1
Let w be (1/(-3))/(-10 + (-87)/(-9)). What is the units digit of w/((-1)/(-133))*(-80)/(-56)?
0
Let o be ((-2)/(8/(-1318)))/(1/2). Let a = 1149 - o. Suppose 3*v + 0*l = l + 735, 2*v - 3*l = a. What is the hundreds digit of v?
2
Let t(x) = -2*x**3 - 3*x**2 + x + 2. Let o be t(-2). Suppose -o*i + 562 = -78. Suppose -2*u - 2*p + 84 = 0, 4*u + 2*p = -0*p + i. What is the units digit of u?
8
Let v(o) = -o**2 + 2*o + 116. Let c(m) = 3*m - 21. Let u be -3*14/(-6)*1. Let a be c(u). What is the units digit of v(a)?
6
Suppose -334356 - 43824 = -20*o. What is the thousands digit of o?
8
Suppose -3*t = -5*t + z - 87, 2*z + 6 = 0. Let w be -3*(-5)/t + (-10)/(-3). What is the tens digit of (-237)/6*(-6)/w?
7
Let d = 20754 - 10357. What is the ten thousands digit of d?
1
Suppose 0 = 5*s - 25, 17735 + 2247 = 2*l - 4*s. What is the thousands digit of l?
0
Let f(j) = -5981*j**3 - 3*j**2 - 10*j - 5. What is the units digit of f(-1)?
3
Suppose -8*c + 3*c = -5*n + 255, -c - n = 61. What is the units digit of (c/(-12))/7*(1397 + 1)?
2
Let l = -273 + 269. What is the hundreds digit of l/2 + (2763/3 - 1)?
9
Suppose 11*v = 7*v. Suppose -4*r + 84 = -4*j, -100 = -4*r - v*r - 4*j. What is the units digit of r?
3
Suppose -40 - 41 = -9*s. Let j(b) = b**2 + 5*b + 25. Let l be j(s). What is the tens digit of -3 + 2 + l + 4/4?
5
Suppose -305 = -8*d + 319. Let s = d + 50. What is the hundreds digit of s?
1
Suppose 3*l - 2*h = 12, l + 7 = -0*l - 3*h. Suppose -2*b + 5*b - 2442 = -2*o, b - l = 0. What is the tens digit of o?
1
Suppose 0 = 9*u - 4*u - 2175. Let a be u + -9 + 0 + -1. Let b = a + -215. What is the units digit of b?
0
Let f(d) = 4*d**2 + 21*d + 12. Let o be f(-16). Let z = o - -408. What is the tens digit of z?
0
Let i(p) = -3*p**2 + 161*p + 319. What is the tens digit of i(48)?
3
Let q(j) = -j**2 - 20*j - 11. Let u be q(-17). Let p be 4/10 - (-1184)/u. What is the tens digit of ((0 - 2) + 3)/(2/p)?
1
What is the tens digit of ((-53)/4)/(178/(-191528))?
5
Let u(t) = -t**3 - 21*t**2 - 25*t + 19. Let g be u(-23). What is the tens digit of (54/(-21))/((-1)/(g/6))?
0
Suppose 9 = 3*l - 3. Suppose -5*c = -5*w - 925, -l*c + 731 + 54 = 5*w. What is the hundreds digit of c?
1
Let i = -53 + 57. Suppose 2*p + 2*n = -234, 0*n = i*p + 2*n + 462. What is the tens digit of p*5/3*16/(-40)?
7
Suppose 0 = 26*g + 16*g + 29*g - 878767. What is the units digit of g?
7
Let b(i) = 4099*i**3 + 3*i**2 + 4*i - 6. What is the thousands digit of b(1)?
4
What is the tens digit of 3/(9/56)*233565/460?
7
Let s = -978 + 1342. What is the hundreds digit of (10465/s)/((-1)/(-40))?
1
Let u(b) = 9*b + 50. Let r be u(-6). Let z be r + 3 + -2 - -8. Suppose -z*k = 5*w - 1315, -7*w - 4*k = -10*w + 761. What is the hundreds digit of w?
2
Suppose 3*x - 50027 = -28*c + 30*c, -3*c - 33358 = -2*x. What is the units digit of x?
3
Let g = -28 + 31. Suppose -2*c - 15 = 3*i, 4*c = 2*i - g*i - 15. What is the hundreds digit of 3 - 110/i*3?
1
What is the thousands digit of (347112/(-132))/(-6)*22?
9
Suppose 10087 = 18*d - 1217. Let w = -415 + d. What is the units digit of w?
3
Let t be 20727/6 + 12/(-24). Suppose 39*l - t = 5945. What is the hundreds digit of l?
2
Let m(i) = 2*i**3 + 6*i**2 - 4*i**2 - 5*i + 6*i + 8. Let f be m(0). Suppose -4 - f = -3*c. What is the units digit of c?
4
Let c(u) = 2*u**2 + 32*u - 34. Let r be c(-17). Suppose r = -8*m - 3*m + 3058. What is the tens digit of m?
7
What is the tens digit of (10/(-14) - -1)/((-787)/(-41851873))?
9
Let f(o) = 17*o**2 + 6*o + 12. Let u be f(-3). Suppose -5*s + 157 = u. Suppose -x + 193 = -0*x + s*i, 5*x - 2*i - 941 = 0. What is the hundreds digit of x?
1
Let r be (1 - 0) + (-45 - -50). Suppose -r*z + 4*b = -3*z - 1309, 5*z - 2190 = 5*b. What is the units digit of z?
3
Suppose -v + 4*h = 2*h - 17, 2*v - 19 = h. Suppose 5*d - v = 13, -4*l + 1536 = -4*d. Suppose -5*i + 627 = -l. What is the hundreds digit of i?
2
What is the thousands digit of (50/(-8))/(11/(34 + -110342))?
2
Let q(f) = 2*f**2 - 25*f + 81. Let v be q(6). Suppose 0 = 3*y + 2*y + 10, 0 = v*p + 2*y - 5195. What is the hundreds digit of p?
7
Suppose -10 = -5*q, 64*a + 2*q + 31592 = 68*a. What is the thousands digit of a?
7
Let g be (-3 - -1)/(8/(-1028)). Suppose -g + 1943 = 6*c. What is the tens digit of c?
8
Let u(i) = 6*i - 32. Let s be u(9). Suppose 4*t = -5*y + s, -y - 2*t = -3*t + 1. What is the tens digit of (73/y - 3)*2?
6
Suppose 0 = -4*u + 12, 2*r - 37945 = 2*u + 82407. What is the thousands digit of r?
0
Let u be 38/57 + 8/6. Let j(n) = 71*n + u + 38*n - 34*n. What is the units digit of j(1)?
7
Suppose -1887*u + 1870*u + 192472 + 62086 = 0. What is the hundreds digit of u?
9
Let h(r) be the third derivative of -11*r**4/24 - 6*r**3 - 13*r**2. What is the tens digit of h(-11)?
8
Let i(s) = 6*s + 83. Let a be i(-13). Suppose 165 = -4*h + a*h + 5*r, -563 = -3*h + 2*r. What is the units digit of h?
5
Let y be (10/(-15))/(4/26)*69. Let s = 705 + y. What is the tens digit of s?
0
Let r = -406 + 1270. Let w = -619 + r. What is the hundreds digit of w?
2
Suppose -5*g - 180 = 4*z - 10*g, z = 3*g - 45. Let y = 50 + z. Suppose 4*m - 600 = -2*s, -y*m + 3*s + 772 = -0*m. What is the hundreds digit of m?
1
Let d(x) = -3*x + 5. Let s(m) = -2*m + 2. Let w(q) = -3*d(q) + 7*s(q). Suppose 50 = -4*n - 2*u, 0 = -5*n - 3*u - 0*u - 62. What is the units digit of w(n)?
4
Let g = 4 - 7. Let y(q) = 10*q**2 + 6*q + 11. What is the tens digit of y(g)?
8
Suppose 8*c + 29118 = 14*c. What is the units digit of c?
3
Suppose 9 = 4*w - k, -4*w - 2*k = w - 21. Suppose -5*i + 5*t + 555 = 0, w*i - 357 = -0*i - 3*t. What is the tens digit of i?
1
Suppose -35294 + 10492 = -2*o - w, 24796 = 2*o + 4*w. What is the ten thousands digit of o?
1
Let z = 210 - -45. Let d = 65 + z. What is the hundreds digit of d?
3
Suppose 363*q - 247950 = 333*q. What is the units digit of q?
5
Let v = 4257 - -929. What is the tens digit of v?
8
Let o be (6/(-10) - -1)*(-11 + 16). Suppose 794 = o*m - 0*m. What is the units digit of m?
7
Let c be (300/120)/(2/12). Let j = 34 + c. What is the units digi